y, s + 4*y = -s. Let a(x) = -2*x**3 - 7*x**2 - 7*x - 4. Let l be a(s). Calculate the greatest common factor of 20 and l.
20
Let p(n) = 2*n**2 - 6*n. Let m(h) = 3*h - 1. Let k be m(2). Let z be p(k). What is the highest common factor of 50 and z?
10
Let f be (-49)/(-4) + 11/(-44). Calculate the highest common divisor of 24 and f.
12
Suppose v = -v - 10. Suppose 5*o - 80 = -5*d - 30, d = 3*o - 22. Let w = v + o. What is the greatest common divisor of w and 9?
3
Let s(k) = k**3 + 3*k**2 + k + 1. Let y be s(-2). Suppose 2*l + y - 21 = 0. What is the highest common factor of 1 and l?
1
Suppose 0 = 4*f - 28 - 32. Suppose 5*a - 3*k = 678, 5*a + 3*k - 672 = -0*a. What is the highest common factor of a and f?
15
Let r(z) = z**2 - 7*z + 9. Let q be r(7). Let f be (-20)/(-6) + 6/q. Let k be 92/8 + (-6)/f. What is the highest common factor of k and 10?
10
Let j(t) = 3*t**2 - 5*t - 15. Let k be j(5). Calculate the greatest common divisor of k and 15.
5
Let v be (70/6)/(-5)*-30. What is the greatest common divisor of v and 28?
14
Let p be (-30)/(-3 + 3/8*4). Calculate the highest common divisor of 15 and p.
5
Suppose a - x = -2*a + 80, -5*x + 113 = 4*a. Calculate the greatest common divisor of a and 54.
27
Suppose -k + 2*x + 13 = 0, 3*k - 2*x - 31 = -0. Let i be 45/3*(-27)/(-5). Calculate the highest common divisor of i and k.
9
Let j(v) = 6*v + 6. Let p be j(-4). Let f = 6 - p. Calculate the greatest common divisor of 36 and f.
12
Suppose -4*d = -c + 13, 2*c + 12 = 4*c - d. Let u = 4 - 2. Suppose 1 = 4*b + p, 0 = 5*p - u*p + 9. Calculate the greatest common divisor of b and c.
1
Let b(i) = 5*i**2 + 4*i + 3. Let t be b(-2). Calculate the greatest common divisor of 75 and t.
15
Let h be 3 + 0*(-1)/(-4). Calculate the highest common divisor of h and 21.
3
Suppose 3*f = 3*j + 36, -2*j = 2*f - 22 + 2. What is the greatest common factor of 121 and f?
11
Let x = -11 - -29. Suppose -2*c = -0*f - 2*f + x, 0 = -5*c - 2*f - 38. Let t = 1 - c. What is the highest common factor of t and 72?
9
Suppose 2*h + 3*z + 0 - 5 = 0, -3*h - 2 = -5*z. What is the highest common factor of h and 7?
1
Let k = -22 - -38. Suppose -4*o = -z + 1, 2*z - 11 = 5*z + 2*o. Let d be 77 - (-2)/((-2)/z). Calculate the highest common divisor of k and d.
16
Let q be 612/27 - (-2)/6. Calculate the greatest common factor of q and 207.
23
Let w be 1/((-4)/(-8)) - 2. Suppose 3*q - 64 - 53 = w. Let a = -12 - -25. Calculate the highest common divisor of q and a.
13
Suppose -3*t + 2*w + 30 = 0, -w = 4*t - 37 - 14. Let p = 45 + 3. What is the greatest common factor of t and p?
12
Let p(n) be the first derivative of 15*n**2/2 - 3*n - 2. Let y be p(2). Calculate the highest common divisor of y and 9.
9
Let t(m) = -m**2 + 8*m - 6. Let k be (-8)/5 - (-3)/5. Let h be (k + -4)/((-1)/1). Let s be t(h). Calculate the highest common divisor of 18 and s.
9
Let p(w) = -8*w + 9. Let o(a) = -7*a**3 + 2*a**2 - 1. Let n be o(1). Let v be p(n). What is the greatest common divisor of v and 38?
19
Let b = 25 + -15. Let h = 8 + -4. Suppose 0 = 2*g + 2 - h, -3*u = -3*g - 72. What is the greatest common divisor of u and b?
5
Suppose 5*c = -37 - 3. Let s be (-2)/c - (-71)/4. What is the greatest common divisor of s and 3?
3
Let v be 28/24*3/2*32. Calculate the highest common factor of 14 and v.
14
Suppose 2 = v + 1, -2*v + 44 = 3*y. Let l be -35*((-3 - -2) + 0). Calculate the highest common factor of y and l.
7
Suppose -5*z = -4*j + 42, -4*j - 10*z = -7*z - 58. Calculate the highest common factor of j and 13.
13
Let d(j) = j + 4. Let i be d(-4). Let x = i + 2. Suppose -x*r = -20 - 12. What is the greatest common factor of r and 4?
4
Let i be 81 - -3 - (-1 - -5). What is the highest common divisor of i and 8?
8
Suppose 3*x - 9 = -5*h, -h - x = 3*h - 3. Let t be h + -2 + 13 + 4. Calculate the greatest common factor of 135 and t.
15
Let r = 113 + -53. Suppose 3*a - 20 - 55 = -t, -5*a + 3*t + 111 = 0. Calculate the greatest common divisor of r and a.
12
Let n be (42/(-15))/((-2)/10). Let u = n + 42. Let z = u + 79. Calculate the greatest common factor of z and 15.
15
Let m(n) = n**2 - 2*n - 11. Let o be m(11). Suppose -4*v = -9*v + 40. What is the greatest common factor of v and o?
8
Let q = -158 + 177. What is the highest common factor of q and 19?
19
Let r = 11 + 7. Suppose 0 = 5*f - 2*h - 28, -2*f + f + 3*h = -3. What is the highest common factor of r and f?
6
Let f(n) = n**2 - 9*n - 14. Let k be f(11). Calculate the greatest common divisor of k and 8.
8
Let x be (12 + 2)*(-12)/(-14). Let h(q) = 2*q**2 + 16*q + x - q**2 - 5*q. Let j be h(-10). Calculate the greatest common divisor of j and 2.
2
Suppose 28 = 3*j - 53. Let z be -20 + (-2 + -2)/(-2). Let v = -9 - z. What is the greatest common factor of j and v?
9
Suppose -2*r + 6 = -0*r. Suppose 4*y - 46 = 2*u, 4*y - r*y + 4*u = 34. Let l be 63/((-1)/(-2) - 0). Calculate the greatest common factor of y and l.
14
Suppose 3*c - 6 = c + 5*a, c + 2*a - 12 = 0. Suppose -c = 2*n, -269 = -5*v - 4*n - 0*n. What is the greatest common factor of v and 38?
19
Suppose 12 = -4*j - 3*a - a, 3*j - 4*a + 2 = 0. Let d be 1 + (-1 - j) - -1. Suppose 0 = 2*v - 16 - 2. Calculate the highest common factor of d and v.
3
Suppose h = -2 + 7. Suppose h*q - 35 - 20 = 0. Calculate the highest common factor of q and 1.
1
Suppose 5*n + 20 = 135. Let r = n - 10. Calculate the greatest common divisor of 91 and r.
13
Let n(s) = s**3 - 8*s**2 + 6*s + 9. Let y be n(7). Suppose y*r - 9 = r. Suppose -100 = -7*v - 37. What is the highest common divisor of r and v?
9
Let s = 93 + 5. Let r be s + (0 - (-3 + 5)). What is the highest common factor of 24 and r?
24
Let x(c) = -7*c. Suppose 2*d - 22 = 6*p - 2*p, p + 5*d + 33 = 0. Let s be x(p). What is the highest common factor of 14 and s?
14
Let c(n) = 3*n + 7. Let q(u) = 6*u + 15. Let a(t) = -9*c(t) + 4*q(t). Let p be a(-3). Suppose 175 = p*m - m. What is the highest common factor of m and 7?
7
Suppose -2*j - j = -24. Suppose 2*l = l + j. Calculate the greatest common factor of l and 32.
8
Suppose -5*h + 10 = 5*z, 0*h = 2*h - 2*z + 12. Let s be 1/(h/(-108)) + 2. Calculate the greatest common divisor of 8 and s.
8
Suppose -6*b - 3*q = -2*b - 188, -16 = 4*q. What is the greatest common divisor of 10 and b?
10
Let v = -10 - -32. What is the greatest common factor of v and 110?
22
Let f be (72/(-20))/((-4)/110). Let y(h) = h**3 - 12*h**2 + 6*h - 6. Let z be y(12). What is the highest common factor of z and f?
33
Suppose -25 = 5*n, -2 = -4*u + 2*n - 0. Let b be (10/6)/(u/(-162)). Calculate the highest common divisor of 15 and b.
15
Suppose 0 = -3*z + 4*z - 22. Let k = 20 - 4. Suppose -17 = -3*u + k. Calculate the highest common factor of z and u.
11
Let r = -14 + 16. Suppose 5*d + 19 = 4. Let a = 4 + d. Calculate the greatest common divisor of r and a.
1
Let k be (-3)/1*(-56)/12. Calculate the highest common divisor of k and 70.
14
Let m(d) = -d**3 - 12*d**2 + 27*d + 30. Let f be m(-14). Calculate the highest common divisor of f and 484.
44
Let q = 22 - 11. Let t(s) = s**2 - 18*s - 109. Let n be t(26). Calculate the highest common factor of q and n.
11
Suppose -k - 7 = -3*a, 2*a - 3*a + 7 = 2*k. Suppose -x = -a*x + 8. Suppose -2*i = i - x*s - 27, 5*i + s = 45. Calculate the highest common factor of 3 and i.
3
Let j(p) be the first derivative of p**2 - 12*p + 4. Let f be j(10). Calculate the greatest common factor of f and 8.
8
Suppose -4*w = -25 + 1. Calculate the highest common factor of w and 9.
3
Suppose -4*l - 4*x + 72 = 0, 0*x - 5*x = 3*l - 54. Suppose -4*p - p - 30 = 0. Let v be (3/p)/(1/(-12)). What is the greatest common divisor of v and l?
6
Suppose 5*u - 2*f = 2*f + 3, 24 = 4*u + 4*f. Suppose -25 - 25 = -3*b - 5*c, -4*b = -u*c - 57. What is the greatest common divisor of b and 10?
5
Let j(z) = z**3 + 5*z**2 - 6*z. Let k be j(-6). Suppose -l + 6 = -k*l. Let n be (-1)/3 - 273/(-9). Calculate the highest common divisor of n and l.
6
Let v = -7 + 18. Suppose -3*o + v + 25 = 0. What is the greatest common factor of o and 108?
12
Let k = 4 - -4. Let f be 4/6 - (-148)/(-6). Let q be (-6)/f + 30/k. Calculate the highest common divisor of q and 32.
4
Suppose 0 = 5*a + 25, 0 = 2*z + 2*a + 18 - 620. What is the greatest common factor of z and 34?
34
Suppose -j + 9 = 233. 